ided by 16?
7
What is the remainder when 41668 is divided by 74?
6
Calculate the remainder when 14275 is divided by 7132.
11
What is the remainder when 3735 is divided by 173?
102
What is the remainder when 4092 is divided by 1334?
90
Calculate the remainder when 70932 is divided by 70929.
3
What is the remainder when 82402 is divided by 109?
107
What is the remainder when 14710 is divided by 74?
58
Calculate the remainder when 2109530 is divided by 25.
5
Calculate the remainder when 24660 is divided by 1535.
100
Calculate the remainder when 1942 is divided by 109.
89
Calculate the remainder when 434867 is divided by 108712.
19
Calculate the remainder when 148768 is divided by 522.
520
What is the remainder when 54916 is divided by 2288?
4
Calculate the remainder when 1014 is divided by 113.
110
Calculate the remainder when 18611 is divided by 41.
38
Calculate the remainder when 22595 is divided by 155.
120
What is the remainder when 215977 is divided by 37?
8
What is the remainder when 3128 is divided by 1562?
4
Calculate the remainder when 229 is divided by 21.
19
What is the remainder when 4892 is divided by 1072?
604
What is the remainder when 17000 is divided by 950?
850
Calculate the remainder when 24493 is divided by 4881.
88
What is the remainder when 39041 is divided by 43?
40
Calculate the remainder when 5857 is divided by 211.
160
What is the remainder when 919799 is divided by 171?
161
What is the remainder when 2301 is divided by 133?
40
Calculate the remainder when 43695 is divided by 190.
185
What is the remainder when 9850 is divided by 2419?
174
What is the remainder when 87158 is divided by 6225?
8
Calculate the remainder when 13589 is divided by 151.
150
Calculate the remainder when 9340 is divided by 2817.
889
Calculate the remainder when 17035 is divided by 79.
50
What is the remainder when 306393 is divided by 1761?
1740
What is the remainder when 92442 is divided by 30811?
9
What is the remainder when 683 is divided by 16?
11
Calculate the remainder when 112265 is divided by 63.
62
What is the remainder when 1465 is divided by 442?
139
What is the remainder when 1964 is divided by 389?
19
Calculate the remainder when 28831 is divided by 5765.
6
Calculate the remainder when 814 is divided by 86.
40
What is the remainder when 2066 is divided by 66?
20
Calculate the remainder when 4121 is divided by 163.
46
What is the remainder when 52303 is divided by 112?
111
What is the remainder when 717 is divided by 170?
37
What is the remainder when 9865 is divided by 161?
44
What is the remainder when 14632 is divided by 4771?
319
Calculate the remainder when 2569 is divided by 103.
97
What is the remainder when 16146 is divided by 1073?
51
What is the remainder when 4659 is divided by 665?
4
What is the remainder when 4507 is divided by 156?
139
What is the remainder when 20126 is divided by 25?
1
What is the remainder when 168134 is divided by 15?
14
Calculate the remainder when 6370 is divided by 907.
21
Calculate the remainder when 46622 is divided by 180.
2
Calculate the remainder when 7616 is divided by 7487.
129
Calculate the remainder when 16950 is divided by 104.
102
Calculate the remainder when 1049725 is divided by 1112.
1109
Calculate the remainder when 51891 is divided by 10339.
196
Calculate the remainder when 417987 is divided by 81.
27
What is the remainder when 20178 is divided by 97?
2
What is the remainder when 69486 is divided by 34734?
18
Calculate the remainder when 54855 is divided by 1370.
55
What is the remainder when 4914 is divided by 2191?
532
What is the remainder when 658377 is divided by 20?
17
What is the remainder when 51858 is divided by 25928?
2
What is the remainder when 74725 is divided by 238?
231
What is the remainder when 274 is divided by 32?
18
What is the remainder when 34745 is divided by 2043?
14
Calculate the remainder when 29919 is divided by 9875.
294
What is the remainder when 94656 is divided by 31490?
186
Calculate the remainder when 10315 is divided by 1417.
396
What is the remainder when 5772 is divided by 411?
18
Calculate the remainder when 1462 is divided by 373.
343
Calculate the remainder when 2523 is divided by 211.
202
What is the remainder when 7232 is divided by 56?
8
Calculate the remainder when 609274 is divided by 224.
218
Calculate the remainder when 36382 is divided by 23.
19
What is the remainder when 2461 is divided by 381?
175
What is the remainder when 4835 is divided by 52?
51
Calculate the remainder when 2034 is divided by 136.
130
What is the remainder when 2506 is divided by 799?
109
What is the remainder when 94347 is divided by 15?
12
Calculate the remainder when 272593 is divided by 594.
541
What is the remainder when 4484 is divided by 749?
739
What is the remainder when 23982 is divided by 11988?
6
What is the remainder when 12322 is divided by 456?
10
What is the remainder when 4456 is divided by 7?
4
What is the remainder when 148537 is divided by 67?
65
What is the remainder when 44406 is divided by 11099?
10
What is the remainder when 2797 is divided by 49?
4
What is the remainder when 7950 is divided by 263?
60
Calculate the remainder when 24664 is divided by 7.
3
What is the remainder when 77775 is divided by 636?
183
Calculate the remainder when 5437 is divided by 301.
19
What is the remainder when 9082396 is divided by 200?
196
What is the remainder when 3322797 is divided by 130?
127
Calculate the remainder when 168296 is divided by 225.
221
What is the remainder when 4665 is divided by 2322?
21
Calculate the remainder when 3330 is divided by 435.
285
Calculate the remainder when 7215 is divided by 483.
453
Calculate the remainder when 18144 is divided by 6045.
9
Calculate the remainder when 68812 is divided by 7639.
61
What is the remainder when 39828 is divided by 39824?
4
Calculate the remainder when 1963 is divided by 1941.
22
Calculate the remainder when 22279 is divided by 8.
7
What is the remainder when 24005 is divided by 614?
59
What is the remainder when 390256 is divided by 1379?
1378
Calculate the remainder when 4665 is divided by 4620.
45
What is the remainder when 1581 is divided by 794?
787
What is the remainder when 6251 is divided by 94?
47
Calculate the remainder when 1236549 is divided by 10.
9
Calculate the remainder when 5768 is divided by 1919.
11
What is the remainder when 66359 is divided by 7372?
11
What is the remainder when 1227 is divided by 221?
122
What is the remainder when 2702496 is divided by 321?
318
Calculate the remainder when 10453 is divided by 1486.
51
What is the remainder when 352592 is divided by 31?
29
What is the remainder when 65366 is divided by 876?
542
What is the remainder when 170497 is divided by 163?
162
Calculate the remainder when 12043 is divided by 2405.
18
Calculate the remainder when 6343 is divided by 48.
7
Calculate the remainder when 137416 is divided by 74.
72
What is the remainder when 59046 is divided by 3280?
6
What is the remainder when 9420 is divided by 1569?
6
What is the remainder when 84450 is divided by 812?
2
Calculate the remainder when 8678 is divided by 221.
59
Calculate the remainder when 989 is divided by 214.
133
Calculate the remainder when 4935 is divided by 379.
8
Calculate the remainder when 1457244 is divided by 208.
204
What is the remainder when 42188 is divided by 41?
40
What is the remainder when 5014 is divided by 37?
19
What is the remainder when 1124 is divided by 323?
155
What is the remainder when 92684 is divided by 1655?
4
What is the remainder when 2230 is divided by 88?
30
Calculate the remainder when 3668 is divided by 243.
23
What is the remainder when 296488 is divided by 23?
18
Calculate the remainder when 8799 is divided by 2199.
3
Calculate the remainder when 1872 is divided by 373.
7
What is the remainder when 1788 is divided by 859?
70
What is the remainder when 1015 is divided by 135?
70
What is the remainder when 10955853 is divided by 2344?
2341
What is the remainder when 3343 is divided by 440?
263
Calculate the remainder when 30291 is divided by 582.
27
Calculate the remainder when 1092111 is divided by 387.
384
Calculate the remainder when 16386 is divided by 2223.
825
Calculate the remainder when 1431569 is divided by 401.
400
C